{"id":2,"date":"2021-06-16T09:55:22","date_gmt":"2021-06-16T09:55:22","guid":{"rendered":"http:\/\/abszlep.pl\/?page_id=2"},"modified":"2021-06-21T11:06:20","modified_gmt":"2021-06-21T11:06:20","slug":"pomoc-drogowa","status":"publish","type":"page","link":"https:\/\/abszlep.pl\/","title":{"rendered":"Pomoc Drogowa ABSZLEP"},"content":{"rendered":"\t\t<div data-elementor-type=\"wp-page\" data-elementor-id=\"2\" class=\"elementor elementor-2\" data-elementor-settings=\"[]\">\n\t\t\t\t\t\t\t<div class=\"elementor-section-wrap\">\n\t\t\t\t\t\t\t<section class=\"elementor-section elementor-top-section elementor-element elementor-element-064e857 elementor-section-boxed elementor-section-height-default elementor-section-height-default\" data-id=\"064e857\" data-element_type=\"section\">\n\t\t\t\t\t\t<div class=\"elementor-container elementor-column-gap-default\">\n\t\t\t\t\t<div class=\"elementor-column elementor-col-100 elementor-top-column elementor-element elementor-element-cd08a5a\" data-id=\"cd08a5a\" data-element_type=\"column\">\n\t\t\t<div class=\"elementor-widget-wrap elementor-element-populated\">\n\t\t\t\t\t\t\t\t<div class=\"elementor-element elementor-element-272d69d elementor-arrows-position-inside elementor-pagination-position-outside elementor-widget elementor-widget-image-carousel\" data-id=\"272d69d\" data-element_type=\"widget\" data-settings=\"{&quot;slides_to_show&quot;:&quot;1&quot;,&quot;pause_on_hover&quot;:&quot;no&quot;,&quot;navigation&quot;:&quot;both&quot;,&quot;autoplay&quot;:&quot;yes&quot;,&quot;pause_on_interaction&quot;:&quot;yes&quot;,&quot;autoplay_speed&quot;:5000,&quot;infinite&quot;:&quot;yes&quot;,&quot;effect&quot;:&quot;slide&quot;,&quot;speed&quot;:500}\" data-widget_type=\"image-carousel.default\">\n\t\t\t\t<div class=\"elementor-widget-container\">\n\t\t\t\t\t<div class=\"elementor-image-carousel-wrapper swiper-container\" dir=\"ltr\">\n\t\t\t<div class=\"elementor-image-carousel swiper-wrapper\">\n\t\t\t\t\t\t\t\t<div class=\"swiper-slide\"><figure class=\"swiper-slide-inner\"><img class=\"swiper-slide-image\" src=\"https:\/\/abszlep.pl\/wp-content\/uploads\/2021\/06\/Autolaweta-i-holowanie-pojazdow.png\" alt=\"Autolaweta i holowanie pojazd\u00f3w\" \/><\/figure><\/div><div class=\"swiper-slide\"><figure class=\"swiper-slide-inner\"><img class=\"swiper-slide-image\" src=\"https:\/\/abszlep.pl\/wp-content\/uploads\/2021\/06\/Autolaweta-i-holowanie-pojazdow-1.png\" alt=\"Autolaweta i holowanie pojazd\u00f3w (1)\" \/><\/figure><\/div><div class=\"swiper-slide\"><figure class=\"swiper-slide-inner\"><img class=\"swiper-slide-image\" src=\"https:\/\/abszlep.pl\/wp-content\/uploads\/2021\/06\/Autolaweta-i-holowanie-pojazdow-2.png\" alt=\"Autolaweta i holowanie pojazd\u00f3w (2)\" \/><\/figure><\/div><div class=\"swiper-slide\"><figure class=\"swiper-slide-inner\"><img class=\"swiper-slide-image\" src=\"https:\/\/abszlep.pl\/wp-content\/uploads\/2021\/06\/Autolaweta-i-holowanie-pojazdow-3.png\" alt=\"Autolaweta i holowanie pojazd\u00f3w (3)\" \/><\/figure><\/div>\t\t\t<\/div>\n\t\t\t\t\t\t\t\t\t\t\t\t<div class=\"swiper-pagination\"><\/div>\n\t\t\t\t\t\t\t\t\t\t\t\t\t<div class=\"elementor-swiper-button elementor-swiper-button-prev\">\n\t\t\t\t\t\t<i class=\"eicon-chevron-left\" aria-hidden=\"true\"><\/i>\n\t\t\t\t\t\t<span class=\"elementor-screen-only\">Poprzednie<\/span>\n\t\t\t\t\t<\/div>\n\t\t\t\t\t<div class=\"elementor-swiper-button elementor-swiper-button-next\">\n\t\t\t\t\t\t<i class=\"eicon-chevron-right\" aria-hidden=\"true\"><\/i>\n\t\t\t\t\t\t<span class=\"elementor-screen-only\">Nast\u0119pne<\/span>\n\t\t\t\t\t<\/div>\n\t\t\t\t\t\t\t\t\t<\/div>\n\t\t\t\t<\/div>\n\t\t\t\t<\/div>\n\t\t\t\t\t<\/div>\n\t\t<\/div>\n\t\t\t\t\t\t\t<\/div>\n\t\t<\/section>\n\t\t\t\t<section class=\"elementor-section elementor-top-section elementor-element elementor-element-d8cf959 elementor-section-boxed elementor-section-height-default elementor-section-height-default\" data-id=\"d8cf959\" data-element_type=\"section\">\n\t\t\t\t\t\t<div class=\"elementor-container elementor-column-gap-default\">\n\t\t\t\t\t<div class=\"elementor-column elementor-col-100 elementor-top-column elementor-element elementor-element-f6d02ab\" data-id=\"f6d02ab\" data-element_type=\"column\">\n\t\t\t<div class=\"elementor-widget-wrap elementor-element-populated\">\n\t\t\t\t\t\t\t\t<div class=\"elementor-element elementor-element-c1fce7d elementor-view-default elementor-position-top elementor-vertical-align-top elementor-invisible elementor-widget elementor-widget-icon-box\" data-id=\"c1fce7d\" data-element_type=\"widget\" data-settings=\"{&quot;_animation&quot;:&quot;fadeInRight&quot;}\" data-widget_type=\"icon-box.default\">\n\t\t\t\t<div class=\"elementor-widget-container\">\n\t\t\t\t\t<div class=\"elementor-icon-box-wrapper\">\n\t\t\t\t\t\t<div class=\"elementor-icon-box-icon\">\n\t\t\t\t<span class=\"elementor-icon elementor-animation-\" >\n\t\t\t\t<i aria-hidden=\"true\" class=\"far fa-clock\"><\/i>\t\t\t\t<\/span>\n\t\t\t<\/div>\n\t\t\t\t\t\t<div class=\"elementor-icon-box-content\">\n\t\t\t\t<h3 class=\"elementor-icon-box-title\">\n\t\t\t\t\t<span  >\n\t\t\t\t\t\tB\u0142yskawiczny dojazd\t\t\t\t\t<\/span>\n\t\t\t\t<\/h3>\n\t\t\t\t\t\t\t\t\t<p class=\"elementor-icon-box-description\">\n\t\t\t\t\t\tPo otrzymaniu zg\u0142oszenia od klienta, niezw\u0142ocznie udajemy si\u0119 na miejsce zdarzenia. \u015aredni czas dojazdu na terenie miasta Gorz\u00f3w Wlkp. oraz okolic to tylko 40 minut. \t\t\t\t\t<\/p>\n\t\t\t\t\t\t\t<\/div>\n\t\t<\/div>\n\t\t\t\t<\/div>\n\t\t\t\t<\/div>\n\t\t\t\t\t<\/div>\n\t\t<\/div>\n\t\t\t\t\t\t\t<\/div>\n\t\t<\/section>\n\t\t\t\t<section class=\"elementor-section elementor-top-section elementor-element elementor-element-35c2c1b elementor-section-boxed elementor-section-height-default elementor-section-height-default elementor-invisible\" data-id=\"35c2c1b\" data-element_type=\"section\" data-settings=\"{&quot;animation&quot;:&quot;fadeInRight&quot;}\">\n\t\t\t\t\t\t<div class=\"elementor-container elementor-column-gap-default\">\n\t\t\t\t\t<div class=\"elementor-column elementor-col-100 elementor-top-column elementor-element elementor-element-920ab82\" data-id=\"920ab82\" data-element_type=\"column\">\n\t\t\t<div class=\"elementor-widget-wrap elementor-element-populated\">\n\t\t\t\t\t\t\t\t<div class=\"elementor-element elementor-element-a5f26a0 elementor-view-default elementor-position-top elementor-vertical-align-top elementor-widget elementor-widget-icon-box\" data-id=\"a5f26a0\" data-element_type=\"widget\" data-widget_type=\"icon-box.default\">\n\t\t\t\t<div class=\"elementor-widget-container\">\n\t\t\t\t\t<div class=\"elementor-icon-box-wrapper\">\n\t\t\t\t\t\t<div class=\"elementor-icon-box-icon\">\n\t\t\t\t<span class=\"elementor-icon elementor-animation-\" >\n\t\t\t\t<i aria-hidden=\"true\" class=\"fas fa-truck-pickup\"><\/i>\t\t\t\t<\/span>\n\t\t\t<\/div>\n\t\t\t\t\t\t<div class=\"elementor-icon-box-content\">\n\t\t\t\t<h3 class=\"elementor-icon-box-title\">\n\t\t\t\t\t<span  >\n\t\t\t\t\t\tProfesjonalne narz\u0119dzia\t\t\t\t\t<\/span>\n\t\t\t\t<\/h3>\n\t\t\t\t\t\t\t\t\t<p class=\"elementor-icon-box-description\">\n\t\t\t\t\t\tNasza pomoc drogowa posiada nowoczesne i w pe\u0142ni wyposa\u017cone pojazdy. Nie tylko holowniki i autolawety, ale i d\u017awig czy koparki pomog\u0105 sprosta\u0107 ka\u017cdemu zdarzeniu drogowemu.\t\t\t\t\t<\/p>\n\t\t\t\t\t\t\t<\/div>\n\t\t<\/div>\n\t\t\t\t<\/div>\n\t\t\t\t<\/div>\n\t\t\t\t\t<\/div>\n\t\t<\/div>\n\t\t\t\t\t\t\t<\/div>\n\t\t<\/section>\n\t\t\t\t<section class=\"elementor-section elementor-top-section elementor-element elementor-element-5da5c1a elementor-section-boxed elementor-section-height-default elementor-section-height-default elementor-invisible\" data-id=\"5da5c1a\" data-element_type=\"section\" data-settings=\"{&quot;animation&quot;:&quot;fadeInRight&quot;}\">\n\t\t\t\t\t\t<div class=\"elementor-container elementor-column-gap-default\">\n\t\t\t\t\t<div class=\"elementor-column elementor-col-100 elementor-top-column elementor-element elementor-element-c85035d\" data-id=\"c85035d\" data-element_type=\"column\">\n\t\t\t<div class=\"elementor-widget-wrap elementor-element-populated\">\n\t\t\t\t\t\t\t\t<div class=\"elementor-element elementor-element-f97fb0d elementor-view-default elementor-position-top elementor-vertical-align-top elementor-widget elementor-widget-icon-box\" data-id=\"f97fb0d\" data-element_type=\"widget\" data-widget_type=\"icon-box.default\">\n\t\t\t\t<div class=\"elementor-widget-container\">\n\t\t\t\t\t<div class=\"elementor-icon-box-wrapper\">\n\t\t\t\t\t\t<div class=\"elementor-icon-box-icon\">\n\t\t\t\t<span class=\"elementor-icon elementor-animation-\" >\n\t\t\t\t<i aria-hidden=\"true\" class=\"far fa-calendar-check\"><\/i>\t\t\t\t<\/span>\n\t\t\t<\/div>\n\t\t\t\t\t\t<div class=\"elementor-icon-box-content\">\n\t\t\t\t<h3 class=\"elementor-icon-box-title\">\n\t\t\t\t\t<span  >\n\t\t\t\t\t\tPomagamy 365 dni w roku\t\t\t\t\t<\/span>\n\t\t\t\t<\/h3>\n\t\t\t\t\t\t\t\t\t<p class=\"elementor-icon-box-description\">\n\t\t\t\t\t\tWiemy, \u017ce nieprzyjemne zdarzenia na drodze maj\u0105 miejsce r\u00f3wnie\u017c w p\u00f3\u017anych godzinach nocnych oraz w \u015bwi\u0119ta. Jeste\u015bmy gotowi na pomoc naszym klientom przez ca\u0142y rok.\t\t\t\t\t<\/p>\n\t\t\t\t\t\t\t<\/div>\n\t\t<\/div>\n\t\t\t\t<\/div>\n\t\t\t\t<\/div>\n\t\t\t\t<div class=\"elementor-element elementor-element-0e011cc elementor-widget elementor-widget-image\" data-id=\"0e011cc\" data-element_type=\"widget\" data-settings=\"{&quot;_animation&quot;:&quot;none&quot;}\" data-widget_type=\"image.default\">\n\t\t\t\t<div class=\"elementor-widget-container\">\n\t\t\t\t\t\t\t\t\t\t\t\t\t\t\t<img width=\"1350\" height=\"500\" src=\"https:\/\/abszlep.pl\/wp-content\/uploads\/2021\/06\/Autolaweta-i-holowanie-pojazdow-8-1350x500.png\" class=\"attachment-slider-full size-slider-full\" alt=\"\" loading=\"lazy\" \/>\t\t\t\t\t\t\t\t\t\t\t\t\t\t\t<\/div>\n\t\t\t\t<\/div>\n\t\t\t\t\t<\/div>\n\t\t<\/div>\n\t\t\t\t\t\t\t<\/div>\n\t\t<\/section>\n\t\t\t\t<section class=\"elementor-section elementor-top-section elementor-element elementor-element-d5dea7a elementor-section-boxed elementor-section-height-default elementor-section-height-default\" data-id=\"d5dea7a\" data-element_type=\"section\">\n\t\t\t\t\t\t<div class=\"elementor-container elementor-column-gap-default\">\n\t\t\t\t\t<div class=\"elementor-column elementor-col-100 elementor-top-column elementor-element elementor-element-3e0e58c\" data-id=\"3e0e58c\" data-element_type=\"column\">\n\t\t\t<div class=\"elementor-widget-wrap elementor-element-populated\">\n\t\t\t\t\t\t\t\t<div class=\"elementor-element elementor-element-5146937 elementor-widget elementor-widget-heading\" data-id=\"5146937\" data-element_type=\"widget\" data-widget_type=\"heading.default\">\n\t\t\t\t<div class=\"elementor-widget-container\">\n\t\t\t<h2 class=\"elementor-heading-title elementor-size-default\">Opinie naszych klient\u00f3w<\/h2>\t\t<\/div>\n\t\t\t\t<\/div>\n\t\t\t\t\t<\/div>\n\t\t<\/div>\n\t\t\t\t\t\t\t<\/div>\n\t\t<\/section>\n\t\t\t\t<section class=\"elementor-section elementor-top-section elementor-element elementor-element-b73f1db elementor-section-boxed elementor-section-height-default elementor-section-height-default elementor-invisible\" data-id=\"b73f1db\" data-element_type=\"section\" data-settings=\"{&quot;animation&quot;:&quot;zoomIn&quot;}\">\n\t\t\t\t\t\t<div class=\"elementor-container elementor-column-gap-default\">\n\t\t\t\t\t<div class=\"elementor-column elementor-col-100 elementor-top-column elementor-element elementor-element-6a12531\" data-id=\"6a12531\" data-element_type=\"column\">\n\t\t\t<div class=\"elementor-widget-wrap elementor-element-populated\">\n\t\t\t\t\t\t\t\t<div class=\"elementor-element elementor-element-c2be6c3 elementor-widget elementor-widget-testimonial\" data-id=\"c2be6c3\" data-element_type=\"widget\" data-widget_type=\"testimonial.default\">\n\t\t\t\t<div class=\"elementor-widget-container\">\n\t\t\t\t\t<div class=\"elementor-testimonial-wrapper elementor-testimonial-text-align-center\">\n\t\t\t\t\t\t\t<div class=\"elementor-testimonial-content\">Mog\u0119 poleci\u0107 Abszlep z czystym sumieniem. Auto za\u0142adowali na lawet\u0119 w b\u0142yskawicznym tempie i odstawili do mechanika. Cena adekwatna do us\u0142ugi. <\/div>\n\t\t\t\n\t\t\t\t\t\t<div class=\"elementor-testimonial-meta elementor-has-image elementor-testimonial-image-position-aside\">\n\t\t\t\t<div class=\"elementor-testimonial-meta-inner\">\n\t\t\t\t\t\t\t\t\t\t\t<div class=\"elementor-testimonial-image\">\n\t\t\t\t\t\t\t<img width=\"1350\" height=\"650\" src=\"https:\/\/abszlep.pl\/wp-content\/uploads\/2021\/06\/Autolaweta-i-holowanie-pojazdow-4.png\" class=\"attachment-full size-full\" alt=\"\" loading=\"lazy\" \/>\t\t\t\t\t\t<\/div>\n\t\t\t\t\t\n\t\t\t\t\t\t\t\t\t\t<div class=\"elementor-testimonial-details\">\n\t\t\t\t\t\t\t\t\t\t\t\t\t\t<div class=\"elementor-testimonial-name\">Marcin<\/div>\n\t\t\t\t\t\t\t\t\t\t\t\t\t\t\t\t\t\t\t<\/div>\n\t\t\t\t\t\t\t\t\t<\/div>\n\t\t\t<\/div>\n\t\t\t\t\t<\/div>\n\t\t\t\t<\/div>\n\t\t\t\t<\/div>\n\t\t\t\t\t<\/div>\n\t\t<\/div>\n\t\t\t\t\t\t\t<\/div>\n\t\t<\/section>\n\t\t\t\t<section class=\"elementor-section elementor-top-section elementor-element elementor-element-ee52387 elementor-section-boxed elementor-section-height-default elementor-section-height-default elementor-invisible\" data-id=\"ee52387\" data-element_type=\"section\" data-settings=\"{&quot;animation&quot;:&quot;zoomIn&quot;}\">\n\t\t\t\t\t\t<div class=\"elementor-container elementor-column-gap-default\">\n\t\t\t\t\t<div class=\"elementor-column elementor-col-100 elementor-top-column elementor-element elementor-element-c39a80c\" data-id=\"c39a80c\" data-element_type=\"column\">\n\t\t\t<div class=\"elementor-widget-wrap elementor-element-populated\">\n\t\t\t\t\t\t\t\t<div class=\"elementor-element elementor-element-ffb8cba elementor-widget elementor-widget-testimonial\" data-id=\"ffb8cba\" data-element_type=\"widget\" data-widget_type=\"testimonial.default\">\n\t\t\t\t<div class=\"elementor-widget-container\">\n\t\t\t\t\t<div class=\"elementor-testimonial-wrapper elementor-testimonial-text-align-center\">\n\t\t\t\t\t\t\t<div class=\"elementor-testimonial-content\">Mimo niedzielnego popo\u0142udnia szybko przyjechali na miejsce. Bardzo mi\u0142a obs\u0142uga. Samoch\u00f3d by\u0142 w rozsypce ale pan z pomocy bardzo sprawnie wci\u0105gn\u0105\u0142 go na lawet\u0119. <\/div>\n\t\t\t\n\t\t\t\t\t\t<div class=\"elementor-testimonial-meta elementor-has-image elementor-testimonial-image-position-aside\">\n\t\t\t\t<div class=\"elementor-testimonial-meta-inner\">\n\t\t\t\t\t\t\t\t\t\t\t<div class=\"elementor-testimonial-image\">\n\t\t\t\t\t\t\t<img width=\"1350\" height=\"650\" src=\"https:\/\/abszlep.pl\/wp-content\/uploads\/2021\/06\/Autolaweta-i-holowanie-pojazdow-5.png\" class=\"attachment-full size-full\" alt=\"\" loading=\"lazy\" \/>\t\t\t\t\t\t<\/div>\n\t\t\t\t\t\n\t\t\t\t\t\t\t\t\t\t<div class=\"elementor-testimonial-details\">\n\t\t\t\t\t\t\t\t\t\t\t\t\t\t<div class=\"elementor-testimonial-name\">Anita<\/div>\n\t\t\t\t\t\t\t\t\t\t\t\t\t\t\t\t\t\t\t<\/div>\n\t\t\t\t\t\t\t\t\t<\/div>\n\t\t\t<\/div>\n\t\t\t\t\t<\/div>\n\t\t\t\t<\/div>\n\t\t\t\t<\/div>\n\t\t\t\t\t<\/div>\n\t\t<\/div>\n\t\t\t\t\t\t\t<\/div>\n\t\t<\/section>\n\t\t\t\t<section class=\"elementor-section elementor-top-section elementor-element elementor-element-4a62f56 elementor-section-boxed elementor-section-height-default elementor-section-height-default elementor-invisible\" data-id=\"4a62f56\" data-element_type=\"section\" data-settings=\"{&quot;animation&quot;:&quot;zoomIn&quot;}\">\n\t\t\t\t\t\t<div class=\"elementor-container elementor-column-gap-default\">\n\t\t\t\t\t<div class=\"elementor-column elementor-col-100 elementor-top-column elementor-element elementor-element-0ef3473\" data-id=\"0ef3473\" data-element_type=\"column\">\n\t\t\t<div class=\"elementor-widget-wrap elementor-element-populated\">\n\t\t\t\t\t\t\t\t<div class=\"elementor-element elementor-element-f3e2116 elementor-widget elementor-widget-testimonial\" data-id=\"f3e2116\" data-element_type=\"widget\" data-widget_type=\"testimonial.default\">\n\t\t\t\t<div class=\"elementor-widget-container\">\n\t\t\t\t\t<div class=\"elementor-testimonial-wrapper elementor-testimonial-text-align-center\">\n\t\t\t\t\t\t\t<div class=\"elementor-testimonial-content\">Korzysta\u0142em z wulkanizacji terenowej i nie mam \u017cadnych zastrze\u017ce\u0144. Panowie za\u0142atali opon\u0119 i na moj\u0105 pro\u015bb\u0119 sprawdzili ci\u015bnienie w pozosta\u0142ych ko\u0142ach. Polecam.<\/div>\n\t\t\t\n\t\t\t\t\t\t<div class=\"elementor-testimonial-meta elementor-has-image elementor-testimonial-image-position-aside\">\n\t\t\t\t<div class=\"elementor-testimonial-meta-inner\">\n\t\t\t\t\t\t\t\t\t\t\t<div class=\"elementor-testimonial-image\">\n\t\t\t\t\t\t\t<img width=\"1350\" height=\"650\" src=\"https:\/\/abszlep.pl\/wp-content\/uploads\/2021\/06\/Autolaweta-i-holowanie-pojazdow-6.png\" class=\"attachment-full size-full\" alt=\"\" loading=\"lazy\" \/>\t\t\t\t\t\t<\/div>\n\t\t\t\t\t\n\t\t\t\t\t\t\t\t\t\t<div class=\"elementor-testimonial-details\">\n\t\t\t\t\t\t\t\t\t\t\t\t\t\t<div class=\"elementor-testimonial-name\">Bartek<\/div>\n\t\t\t\t\t\t\t\t\t\t\t\t\t\t\t\t\t\t\t<\/div>\n\t\t\t\t\t\t\t\t\t<\/div>\n\t\t\t<\/div>\n\t\t\t\t\t<\/div>\n\t\t\t\t<\/div>\n\t\t\t\t<\/div>\n\t\t\t\t\t<\/div>\n\t\t<\/div>\n\t\t\t\t\t\t\t<\/div>\n\t\t<\/section>\n\t\t\t\t<section class=\"elementor-section elementor-top-section elementor-element elementor-element-1bb94fc elementor-section-boxed elementor-section-height-default elementor-section-height-default\" data-id=\"1bb94fc\" data-element_type=\"section\">\n\t\t\t\t\t\t<div class=\"elementor-container elementor-column-gap-default\">\n\t\t\t\t\t<div class=\"elementor-column elementor-col-100 elementor-top-column elementor-element elementor-element-f6328d5\" data-id=\"f6328d5\" data-element_type=\"column\">\n\t\t\t<div class=\"elementor-widget-wrap elementor-element-populated\">\n\t\t\t\t\t\t\t\t<div class=\"elementor-element elementor-element-c89abb2 elementor-widget elementor-widget-heading\" data-id=\"c89abb2\" data-element_type=\"widget\" data-widget_type=\"heading.default\">\n\t\t\t\t<div class=\"elementor-widget-container\">\n\t\t\t<h2 class=\"elementor-heading-title elementor-size-default\">Kontakt<\/h2>\t\t<\/div>\n\t\t\t\t<\/div>\n\t\t\t\t<div class=\"elementor-element elementor-element-772195f elementor-widget elementor-widget-text-editor\" data-id=\"772195f\" data-element_type=\"widget\" data-widget_type=\"text-editor.default\">\n\t\t\t\t<div class=\"elementor-widget-container\">\n\t\t\t\t\t\t\t<p>ABSZLEP Pomoc Drogowa<\/p><p>ul. Pozna\u0144ska 22<\/p><p>66-440 Skwierzyna<\/p><p><a href=\"tel:+48728452148\">tel. 728 452 148<\/a><\/p><p>Zapraszamy do skorzystania z naszych us\u0142ug. Infolinia czynna przez 24h\/7.<\/p>\t\t\t\t\t\t<\/div>\n\t\t\t\t<\/div>\n\t\t\t\t<div class=\"elementor-element elementor-element-cac2224 elementor-widget elementor-widget-google_maps\" data-id=\"cac2224\" data-element_type=\"widget\" data-widget_type=\"google_maps.default\">\n\t\t\t\t<div class=\"elementor-widget-container\">\n\t\t\t\t\t<div class=\"elementor-custom-embed\">\n\t\t\t<iframe frameborder=\"0\" scrolling=\"no\" marginheight=\"0\" marginwidth=\"0\"\n\t\t\t\t\tsrc=\"https:\/\/maps.google.com\/maps?q=abszlep%20gorz%C3%B3w&#038;t=m&#038;z=10&#038;output=embed&#038;iwloc=near\"\n\t\t\t\t\ttitle=\"abszlep gorz\u00f3w\"\n\t\t\t\t\taria-label=\"abszlep gorz\u00f3w\"\n\t\t\t><\/iframe>\n\t\t<\/div>\n\t\t\t\t<\/div>\n\t\t\t\t<\/div>\n\t\t\t\t\t<\/div>\n\t\t<\/div>\n\t\t\t\t\t\t\t<\/div>\n\t\t<\/section>\n\t\t\t\t\t\t<\/div>\n\t\t\t\t\t<\/div>\n\t\t","protected":false},"excerpt":{"rendered":"<p>Poprzednie Nast\u0119pne B\u0142yskawiczny dojazd Po otrzymaniu zg\u0142oszenia od klienta, niezw\u0142ocznie udajemy si\u0119 na miejsce zdarzenia. \u015aredni czas dojazdu na terenie miasta Gorz\u00f3w Wlkp. oraz okolic to tylko 40 minut. Profesjonalne narz\u0119dzia Nasza pomoc drogowa posiada nowoczesne i w pe\u0142ni wyposa\u017cone pojazdy. Nie tylko holowniki i autolawety, ale i d\u017awig czy koparki pomog\u0105 sprosta\u0107 ka\u017cdemu zdarzeniu [&hellip;]<\/p>\n","protected":false},"author":1,"featured_media":0,"parent":0,"menu_order":0,"comment_status":"closed","ping_status":"open","template":"","meta":[],"yoast_head":"<!-- This site is optimized with the Yoast SEO plugin v16.9 - https:\/\/yoast.com\/wordpress\/plugins\/seo\/ -->\n<title>Pomoc Drogowa ABSZLEP - Autolaweta | Holowanie | Wulkanizacja<\/title>\n<meta name=\"description\" content=\"Pomoc Drogowa Abszlep to firma z ponad 20 letnim do\u015bwiadczeniem. Pomagamy kierowcom przez 365 dni w roku o ka\u017cdej porze. Zadzwo\u0144 do nas!\" \/>\n<meta name=\"robots\" content=\"index, follow, max-snippet:-1, max-image-preview:large, max-video-preview:-1\" \/>\n<link rel=\"canonical\" href=\"https:\/\/abszlep.pl\/\" \/>\n<meta property=\"og:locale\" content=\"pl_PL\" \/>\n<meta property=\"og:type\" content=\"article\" \/>\n<meta property=\"og:title\" content=\"Pomoc Drogowa ABSZLEP - Autolaweta | Holowanie | Wulkanizacja\" \/>\n<meta property=\"og:description\" content=\"Pomoc Drogowa Abszlep to firma z ponad 20 letnim do\u015bwiadczeniem. Pomagamy kierowcom przez 365 dni w roku o ka\u017cdej porze. Zadzwo\u0144 do nas!\" \/>\n<meta property=\"og:url\" content=\"https:\/\/abszlep.pl\/\" \/>\n<meta property=\"og:site_name\" content=\"Pomoc Drogowa ABSZLEP\" \/>\n<meta property=\"article:modified_time\" content=\"2021-06-21T11:06:20+00:00\" \/>\n<meta property=\"og:image\" content=\"https:\/\/abszlep.pl\/wp-content\/uploads\/2021\/06\/Autolaweta-i-holowanie-pojazdow.png\" \/>\n<meta name=\"twitter:card\" content=\"summary_large_image\" \/>\n<meta name=\"twitter:label1\" content=\"Szacowany czas czytania\" \/>\n\t<meta name=\"twitter:data1\" content=\"3 minuty\" \/>\n<script type=\"application\/ld+json\" class=\"yoast-schema-graph\">{\"@context\":\"https:\/\/schema.org\",\"@graph\":[{\"@type\":\"WebSite\",\"@id\":\"https:\/\/abszlep.pl\/#website\",\"url\":\"https:\/\/abszlep.pl\/\",\"name\":\"Pomoc Drogowa ABSZLEP\",\"description\":\"Czynna 24h na dob\\u0119, 7 dni w tygodniu\",\"potentialAction\":[{\"@type\":\"SearchAction\",\"target\":{\"@type\":\"EntryPoint\",\"urlTemplate\":\"https:\/\/abszlep.pl\/?s={search_term_string}\"},\"query-input\":\"required name=search_term_string\"}],\"inLanguage\":\"pl-PL\"},{\"@type\":\"ImageObject\",\"@id\":\"https:\/\/abszlep.pl\/#primaryimage\",\"inLanguage\":\"pl-PL\",\"url\":\"https:\/\/abszlep.pl\/wp-content\/uploads\/2021\/06\/Autolaweta-i-holowanie-pojazdow.png\",\"contentUrl\":\"https:\/\/abszlep.pl\/wp-content\/uploads\/2021\/06\/Autolaweta-i-holowanie-pojazdow.png\",\"width\":1350,\"height\":650},{\"@type\":\"WebPage\",\"@id\":\"https:\/\/abszlep.pl\/#webpage\",\"url\":\"https:\/\/abszlep.pl\/\",\"name\":\"Pomoc Drogowa ABSZLEP - Autolaweta | Holowanie | Wulkanizacja\",\"isPartOf\":{\"@id\":\"https:\/\/abszlep.pl\/#website\"},\"primaryImageOfPage\":{\"@id\":\"https:\/\/abszlep.pl\/#primaryimage\"},\"datePublished\":\"2021-06-16T09:55:22+00:00\",\"dateModified\":\"2021-06-21T11:06:20+00:00\",\"description\":\"Pomoc Drogowa Abszlep to firma z ponad 20 letnim do\\u015bwiadczeniem. Pomagamy kierowcom przez 365 dni w roku o ka\\u017cdej porze. Zadzwo\\u0144 do nas!\",\"breadcrumb\":{\"@id\":\"https:\/\/abszlep.pl\/#breadcrumb\"},\"inLanguage\":\"pl-PL\",\"potentialAction\":[{\"@type\":\"ReadAction\",\"target\":[\"https:\/\/abszlep.pl\/\"]}]},{\"@type\":\"BreadcrumbList\",\"@id\":\"https:\/\/abszlep.pl\/#breadcrumb\",\"itemListElement\":[{\"@type\":\"ListItem\",\"position\":1,\"name\":\"Strona g\\u0142\\u00f3wna\",\"item\":\"https:\/\/abszlep.pl\/\"},{\"@type\":\"ListItem\",\"position\":2,\"name\":\"Pomoc Drogowa ABSZLEP\"}]}]}<\/script>\n<!-- \/ Yoast SEO plugin. -->","yoast_head_json":{"title":"Pomoc Drogowa ABSZLEP - Autolaweta | Holowanie | Wulkanizacja","description":"Pomoc Drogowa Abszlep to firma z ponad 20 letnim do\u015bwiadczeniem. Pomagamy kierowcom przez 365 dni w roku o ka\u017cdej porze. Zadzwo\u0144 do nas!","robots":{"index":"index","follow":"follow","max-snippet":"max-snippet:-1","max-image-preview":"max-image-preview:large","max-video-preview":"max-video-preview:-1"},"canonical":"https:\/\/abszlep.pl\/","og_locale":"pl_PL","og_type":"article","og_title":"Pomoc Drogowa ABSZLEP - Autolaweta | Holowanie | Wulkanizacja","og_description":"Pomoc Drogowa Abszlep to firma z ponad 20 letnim do\u015bwiadczeniem. Pomagamy kierowcom przez 365 dni w roku o ka\u017cdej porze. Zadzwo\u0144 do nas!","og_url":"https:\/\/abszlep.pl\/","og_site_name":"Pomoc Drogowa ABSZLEP","article_modified_time":"2021-06-21T11:06:20+00:00","og_image":[{"url":"https:\/\/abszlep.pl\/wp-content\/uploads\/2021\/06\/Autolaweta-i-holowanie-pojazdow.png"}],"twitter_card":"summary_large_image","twitter_misc":{"Szacowany czas czytania":"3 minuty"},"schema":{"@context":"https:\/\/schema.org","@graph":[{"@type":"WebSite","@id":"https:\/\/abszlep.pl\/#website","url":"https:\/\/abszlep.pl\/","name":"Pomoc Drogowa ABSZLEP","description":"Czynna 24h na dob\u0119, 7 dni w tygodniu","potentialAction":[{"@type":"SearchAction","target":{"@type":"EntryPoint","urlTemplate":"https:\/\/abszlep.pl\/?s={search_term_string}"},"query-input":"required name=search_term_string"}],"inLanguage":"pl-PL"},{"@type":"ImageObject","@id":"https:\/\/abszlep.pl\/#primaryimage","inLanguage":"pl-PL","url":"https:\/\/abszlep.pl\/wp-content\/uploads\/2021\/06\/Autolaweta-i-holowanie-pojazdow.png","contentUrl":"https:\/\/abszlep.pl\/wp-content\/uploads\/2021\/06\/Autolaweta-i-holowanie-pojazdow.png","width":1350,"height":650},{"@type":"WebPage","@id":"https:\/\/abszlep.pl\/#webpage","url":"https:\/\/abszlep.pl\/","name":"Pomoc Drogowa ABSZLEP - Autolaweta | Holowanie | Wulkanizacja","isPartOf":{"@id":"https:\/\/abszlep.pl\/#website"},"primaryImageOfPage":{"@id":"https:\/\/abszlep.pl\/#primaryimage"},"datePublished":"2021-06-16T09:55:22+00:00","dateModified":"2021-06-21T11:06:20+00:00","description":"Pomoc Drogowa Abszlep to firma z ponad 20 letnim do\u015bwiadczeniem. Pomagamy kierowcom przez 365 dni w roku o ka\u017cdej porze. Zadzwo\u0144 do nas!","breadcrumb":{"@id":"https:\/\/abszlep.pl\/#breadcrumb"},"inLanguage":"pl-PL","potentialAction":[{"@type":"ReadAction","target":["https:\/\/abszlep.pl\/"]}]},{"@type":"BreadcrumbList","@id":"https:\/\/abszlep.pl\/#breadcrumb","itemListElement":[{"@type":"ListItem","position":1,"name":"Strona g\u0142\u00f3wna","item":"https:\/\/abszlep.pl\/"},{"@type":"ListItem","position":2,"name":"Pomoc Drogowa ABSZLEP"}]}]}},"_links":{"self":[{"href":"https:\/\/abszlep.pl\/index.php\/wp-json\/wp\/v2\/pages\/2"}],"collection":[{"href":"https:\/\/abszlep.pl\/index.php\/wp-json\/wp\/v2\/pages"}],"about":[{"href":"https:\/\/abszlep.pl\/index.php\/wp-json\/wp\/v2\/types\/page"}],"author":[{"embeddable":true,"href":"https:\/\/abszlep.pl\/index.php\/wp-json\/wp\/v2\/users\/1"}],"replies":[{"embeddable":true,"href":"https:\/\/abszlep.pl\/index.php\/wp-json\/wp\/v2\/comments?post=2"}],"version-history":[{"count":20,"href":"https:\/\/abszlep.pl\/index.php\/wp-json\/wp\/v2\/pages\/2\/revisions"}],"predecessor-version":[{"id":60,"href":"https:\/\/abszlep.pl\/index.php\/wp-json\/wp\/v2\/pages\/2\/revisions\/60"}],"wp:attachment":[{"href":"https:\/\/abszlep.pl\/index.php\/wp-json\/wp\/v2\/media?parent=2"}],"curies":[{"name":"wp","href":"https:\/\/api.w.org\/{rel}","templated":true}]}}